er when d is divided by p?
7
Let q = 71 + 56. Calculate the remainder when q is divided by 13.
10
Suppose 3*g + 69 = -0*n + 4*n, -2*g + 94 = 4*n. What is the remainder when n is divided by (-3)/1*(-9 + 5)?
9
Suppose -3*w + 5*h = -29, 0 = 2*w - 0*h + h - 15. What is the remainder when (12/8)/((-4)/(-80)) is divided by w?
6
Let l = 19 + -11. Suppose 0 = -3*v - 5*z + 6, -3*v - 3*z = -l + 2. Suppose -2*r = 5*b + 5, -v*r - b = -6*r + 23. What is the remainder when 13 is divided by r?
3
Suppose 0 = -0*q - q + 5. Calculate the remainder when 18 is divided by q.
3
Suppose 2 = z - 7. What is the remainder when 42 is divided by z?
6
Suppose 0 = 5*y + 2 + 8. Let m = y + 19. Calculate the remainder when 32 is divided by m.
15
Suppose -23 = -d + 2*s, 3*d + s = 6*d - 84. Calculate the remainder when 142 is divided by d.
26
Let o be (2 + -5)/((-1)/69). What is the remainder when o/(-1)*(-6)/18 is divided by 24?
21
Let q = 28 - 18. Let p(t) = -t**3 + 7*t**2 + 16*t + 22. What is the remainder when q is divided by p(9)?
2
Suppose -60 = 2*o - 4*o. Let x = o + 4. What is the remainder when x is divided by 9/(-2)*(-8)/3?
10
Let s(p) = -p**3 - p**2 + 1. Let v(c) = c**3 - 4*c**2 - 2*c + 2. Let b(h) = -2*s(h) - v(h). Calculate the remainder when b(-4) is divided by 11.
9
Let f = 287 + -200. What is the remainder when f is divided by 22?
21
Let l(i) = -5*i + 9. Suppose -6 = -2*m + 5*t, -m - t - 25 = 2*m. Calculate the remainder when l(m) is divided by 15.
14
Calculate the remainder when ((-2)/4)/((-6)/456) + 1 is divided by 17.
5
Suppose 0 = q + 3*q - 32. Suppose -3*p + 29 = -4*h, -5*h - 8 = -p + 20. Calculate the remainder when q is divided by p.
2
Suppose 3*v - 5*k = 9 + 30, -v - 4*k = 4. What is the remainder when v is divided by 1/(-3) - 30/(-9)?
2
Let b be 6/1*(-2)/(-3). Let i(y) = 8*y - 2. Let q be i(b). Let v = q - 21. What is the remainder when 17 is divided by v?
8
Let t(j) = -32*j + 1. Calculate the remainder when t(-1) is divided by 17.
16
Suppose -3*n - n = 20, 2*j + 2 = -4*n. Calculate the remainder when 34 is divided by j.
7
Let b(z) = -z**3 - z - 2*z**2 - 6 - 3*z - 4*z**2. What is the remainder when b(-6) is divided by 7?
4
Suppose p + 3*b = 32, -4*b = -p + 8 + 3. What is the remainder when p is divided by 4/(20/12 + -1)?
5
Suppose 8*t - 44 = 4*t. What is the remainder when 168/(-20)*(-1 + (-4)/1) is divided by t?
9
Let x = -76 - -129. Suppose -2*t = -7*t + 70. Calculate the remainder when x is divided by t.
11
Let m be -3 - 1 - (-5 - -4). Let l = -2 - m. Let o = l + 7. Calculate the remainder when 14 is divided by o.
6
What is the remainder when 71 is divided by -6 + 22 + (-6)/(-3)?
17
Suppose -2*i = -7*i + 15. Suppose -q + 3*q = 8. Calculate the remainder when q is divided by i.
1
Calculate the remainder when 8/(-4 + 6) - 0 is divided by 3.
1
Suppose 4*j - 12*d = -8*d + 32, 2*j = d + 13. Suppose -4*l = -0*l - 2*p + 8, 4*p + 8 = 0. Calculate the remainder when j is divided by ((-9)/(-6))/(l/(-8)).
1
Let a be 0 - 4 - (-5 - -3). What is the remainder when 55 is divided by ((-28)/(-10))/(a/(-10))?
13
Suppose c = 4*c + 4*q - 82, -5*c + 3*q = -127. Calculate the remainder when c is divided by 7.
5
What is the remainder when 117 is divided by -4 - -2*(-12)/(-2)?
5
Let u(j) = -130*j + 1. Let k(n) = -260*n + 2. Let r(p) = -3*k(p) + 7*u(p). What is the remainder when r(-1) is divided by 33?
32
Suppose 2*y + 8 = 0, -52 = -4*s - 0*y - y. Calculate the remainder when s is divided by 5.
4
Let d(f) be the first derivative of -f**3/3 - f**2/2 + 55*f - 2. Calculate the remainder when d(0) is divided by 14.
13
Suppose -4*y + 3*y + 17 = 0. Calculate the remainder when (-55)/15*9/(-1) is divided by y.
16
Let m = -34 + 50. Let i = 6 + 66. Suppose -i = -2*p - 10. Calculate the remainder when p is divided by m.
15
Suppose 4*x = -x. Suppose 7*v - 105 = -x*v. Calculate the remainder when v is divided by 8.
7
Let s(z) = -5*z + 17. What is the remainder when s(-10) is divided by 35?
32
Suppose 3*v - 16 = 23. What is the remainder when 86 is divided by v?
8
Let n = 0 + -4. Let p = 10 + n. Suppose l - p = -m, l - 12 = -5*m + 2*l. Calculate the remainder when m is divided by 2.
1
Let k = -2 - -3. Let u be (0 - 5)*-1 - k. What is the remainder when 2 is divided by (-2)/u + (-5)/(-2)?
0
Let b(w) = 13*w - 23. What is the remainder when b(6) is divided by 19?
17
Let d(j) = 3 + 4*j**3 - 2*j**3 - j**3 - 3*j + j**2 + 3*j**2. What is the remainder when 57 is divided by d(-4)?
12
Let h = -7 - -11. What is the remainder when (-3)/6 - (-66)/h is divided by 6?
4
Let k(c) = -c**3 + 3*c + 12. Let h = 34 - 0. What is the remainder when h is divided by k(0)?
10
Suppose 0 = 2*z - 10, 7*z = 3*k + 2*z + 4. Suppose 7*o + 2 = 8*o. What is the remainder when k is divided by o?
1
Let c(r) = r**2 - 8*r + 7. Let p be c(6). Let n = p + 11. Suppose -5*u + n = 3*l, -7 - 5 = -3*l - 3*u. Calculate the remainder when 12 is divided by l.
5
Suppose 3*t - 183 = -3*c, -3*c + 118 + 40 = -2*t. Calculate the remainder when c is divided by 19.
18
Let g(l) = l**3 - 2*l + 1. Let k be g(1). Let j = 0 + k. What is the remainder when 2 + 10/2 + j is divided by 3?
1
Let h(r) = r + 39. Calculate the remainder when 33 is divided by h(-22).
16
Suppose 10*u = 8*u + 74. What is the remainder when u is divided by 10?
7
Let j be 164/14 + 10/35. Calculate the remainder when 38 is divided by j - (3 + (-4 - 0)).
12
Suppose 0 = -n + 3*u - 6, 4*n - 6*n - 19 = u. Let r(p) = p**2 + 9*p + 9. Calculate the remainder when 17 is divided by r(n).
8
Let x = -3 - 3. Let j = x - -10. Suppose 3*i = i + j. What is the remainder when 4 is divided by i?
0
Let m = -12 - -28. What is the remainder when m is divided by 6?
4
Let c be 8/(-2) - (5 - 12). Calculate the remainder when (-67)/(-2) + (-2)/4 is divided by (8/(-16))/(c/(-102)).
16
Suppose 7 = 4*w - 17. What is the remainder when ((-2)/3)/(w/(-99)) is divided by 6?
5
Let t(f) = -f**2 - 6*f - 7. Let r be t(-5). Suppose -7*b + 160 = b. What is the remainder when b is divided by 11 + 4/r + 2?
9
Let x(n) = 23*n - 2. Let h be (-2 + 9)*(2 + -1). Let t = h - 5. Calculate the remainder when x(t) is divided by 15.
14
Let f be (-14)/91 + (-134)/(-26). Suppose x = f*k + 19 + 9, -2*k + 56 = 2*x. What is the remainder when x is divided by 15?
13
Let b(w) = w**3 + 9*w**2 + 3*w + 2. Let t be b(-8). Suppose -5*p + 347 = t. Calculate the remainder when p is divided by 16.
13
Suppose 75*o - 105 = 70*o. Calculate the remainder when 103 is divided by o.
19
Let m = 10 + -3. Suppose -r - 4*w - 1 = 0, -3*r - 3*w = 2*w - 32. What is the remainder when r is divided by m?
5
Let q be (-24)/(-9)*(-3)/(-2). Suppose -2*m = 2*g - 14, -5 = -3*m - 2. What is the remainder when g is divided by -6*q/(-6)*1?
2
Suppose 87*b + 295 = 92*b. What is the remainder when b is divided by 30?
29
Suppose d + 8 = 3*c, 1 = -d + 2. Calculate the remainder when 11 is divided by c.
2
Let a = 46 + -28. What is the remainder when 70 is divided by a?
16
Suppose -4*v + 188 - 40 = 0. Suppose 6*s - 65 = s. Calculate the remainder when v is divided by s.
11
Let h(i) = -i - 1. Suppose -5*y = 3*g - 2*g + 13, 3*g = -3*y + 21. What is the remainder when g is divided by h(-8)?
5
Suppose 8 = 3*k + g, 0 = -4*k - 2*g + 3 + 5. Suppose 0 = -0*u - 4*u + 60. Calculate the remainder when (-52)/(-5) - 6/u is divided by k.
2
Let k = 31 + -15. Let s = -136 + 175. What is the remainder when s is divided by (-1 - -1) + -2 + k?
11
Suppose 3*b - 2*b + 18 = -2*f, -5*f + 4*b - 45 = 0. Let q(w) = w**2 + 8*w + 2. Calculate the remainder when 21 is divided by q(f).
10
Suppose p - t + 54 = 3*p, -p = 5*t - 18. Suppose 25*u - 149 - 101 = 0. Calculate the remainder when p is divided by u.
8
Suppose 0 = -3*j + 44 - 11. What is the remainder when j is divided by 0 + 1/(-1) + 5?
3
Let b(l) = 36*l**2 - 1. Calculate the remainder when b(1) is divided by 3 - 2*6/(-2).
8
Let v(r) = r**3 + 6*r**2 + 2*r - 3. Calculate the remainder when v(-4) is divided by 12.
9
Let m(x) = x**3 - 5*x + 3. Let t be m(-4). Let i = 86 - t. Calculate the remainder when i is divided by 32.
31
Let v(k) = k**2 + 7*k - 12. Calculate the remainder when 11 is divided by v(-9).
5
Let h = -80 + 242. Let o = h + -115. What is the remainder when o is divided by 25?
22
Let g = -7 - -67. What is the remainder when g is 